 o(w).
6
Suppose -2*g + j = -12, g + 3*j - 4 = -5. Suppose -g*c + 76 + 60 = 3*w, -10 = -5*w. Suppose -c = 6*m - 7*m. Calculate the remainder when m is divided by 7.
5
Let m = -25 + 45. What is the remainder when 39 is divided by m?
19
Suppose -172 = -4*q - j, j = -q + 55 - 9. What is the remainder when 161 is divided by q?
35
Let m = -24 + 37. Suppose -3*b = 5*k + m - 46, -2*b = 2*k - 10. Suppose -3*o + k = 0, -5*y + o + 25 = -y. What is the remainder when 12 is divided by y?
5
Suppose 20 + 4 = 3*r. Let p = 11 - r. Suppose -4*h = -4*c + 276, 0 = -4*c - 8*h + p*h + 267. What is the remainder when c is divided by 23?
22
Let x = -1 + 4. Suppose -x*r + 5*r - 30 = 0. What is the remainder when 44 is divided by r?
14
What is the remainder when 212/(-12)*3*-1 is divided by ((-14)/(-3))/(2/6)?
11
Suppose -7 = 2*w + 9. Let l(q) = q**3 - 8*q**2 + 8*q + 7. What is the remainder when 1/(-4) + (-210)/w is divided by l(7)?
12
Calculate the remainder when 254 is divided by 154/10 + (-90)/225.
14
Suppose 3*i - 5*j = 541, -3*j + 911 = 5*i - 2*j. What is the remainder when i is divided by 37?
34
Suppose -5 = x - 20. Suppose -4*r + 133 = -155. Suppose 3*t + 5*b - r = 0, -t + 5*b = -2*t + 14. Calculate the remainder when t is divided by x.
14
Let n(x) = -x**2 - 4*x - 1. Let z be n(-2). Let d(p) = p**3 - 2*p**2 + 3*p - 3. What is the remainder when d(z) is divided by 8?
7
Let u(v) = v. Let q be u(4). Suppose -q*k + 24 = -2*k. What is the remainder when 21 is divided by k?
9
Let t = -118 + 177. Suppose 0 = -6*o + 3*o + 60. What is the remainder when t is divided by o?
19
Suppose 2*o + 544 = 4*p, -p + o = 4*o - 122. Suppose 2*m + 5*b - p = 0, -m - 2*m = b - 201. Calculate the remainder when m is divided by 17.
16
Let v(w) = -24*w**3 + w**2 + w. Let h(n) = n**3 + 6*n**2 - 7*n + 1. Let k be h(-7). Calculate the remainder when v(-1) is divided by (-212)/(-16) + k/(-4).
11
Suppose 0*p = -8*p + 432. Calculate the remainder when p is divided by 15.
9
Let k(c) = -c**3 - 20*c**2 - 23*c + 21. Calculate the remainder when k(-19) is divided by 50.
47
Let z be 138/42 + 2/(-7). Let k = z - -9. What is the remainder when 47 is divided by k?
11
Suppose 5*w - 9*w + 28 = 0. What is the remainder when w is divided by 4?
3
Suppose 3*l - 25 = -2*l. What is the remainder when 6 is divided by l?
1
Let d = -46 + 74. Calculate the remainder when 111 is divided by d.
27
Suppose 5*g = h - 34 + 102, g - 2*h = 19. What is the remainder when 35 is divided by g?
9
Let g = -25 + 61. Let i = g - 20. Calculate the remainder when 280/6 - (-6)/(-9) is divided by i.
14
Suppose 5*i - 268 = -8*y + 4*y, 256 = 5*i - 2*y. Calculate the remainder when i is divided by 9.
7
Suppose -3*y + 29 + 70 = 0. What is the remainder when y is divided by 5?
3
What is the remainder when 2 + 10 + -1 - -1 is divided by (10 + -2 + -1)/1?
5
Suppose d + 9 = 2*d. Let m be -2*(-4)/(24/d). What is the remainder when 13 is divided by ((-1)/m)/(7/(-105))?
3
Let n = 332 - 237. What is the remainder when n is divided by 32?
31
Suppose 0 = 7*v - 3*v - 352. What is the remainder when v is divided by 23?
19
Suppose 0 = -0*n - 4*n + 8. Let u = 1 + n. Suppose -2*p = -3 - 5. What is the remainder when p is divided by u?
1
Let s(m) = -m + 2. Let c be s(6). Let q(k) = -k - 3. What is the remainder when (0 - 3) + 6 + -2 is divided by q(c)?
0
Let n(o) = -o + 3. Calculate the remainder when n(-6) is divided by (-1 - 2)/(-2 + (-21)/(-15)).
4
Let c be (-1)/3 + 70/21. Suppose c*o = -4*a - o + 124, -3*a - 4*o = -95. What is the remainder when a is divided by 15?
14
Suppose 0*q + 5*q = 0. Suppose -174 = -2*h - f + 3*f, h + 2*f - 81 = q. What is the remainder when h is divided by 22?
19
Suppose -2*z - z = h - 150, -5*z + 236 = -3*h. Let q = -35 + z. Calculate the remainder when 41 is divided by q.
13
Suppose 4*d + 6 = m - 0, 1 = -d. Let n(x) = 6*x**2. What is the remainder when n(m) is divided by 13?
11
Let m(k) = k + 78. What is the remainder when 99 is divided by m(-27)?
48
Let a(k) = -24*k - 7. What is the remainder when a(-5) is divided by 23?
21
What is the remainder when ((-2)/(-2))/(2/182) is divided by 31?
29
Let n(a) = a**3 - 3*a**2 + 2*a. Let z be n(2). Suppose 4*q + 16 = 0, z = 3*l - 5*q + q - 118. What is the remainder when l is divided by 12?
10
Let l(c) = 6*c**2 + 2*c - c**2 - 2*c**2 - c. What is the remainder when l(-3) is divided by 13?
11
What is the remainder when 2/(-3)*13*-3 is divided by 14?
12
Suppose f - 64 = 8. What is the remainder when f is divided by 15?
12
What is the remainder when (0/5 + 2)/(6/39) is divided by 6?
1
Suppose -o - 76 = -5*o. Suppose 5*y - o = -3*b, 10 = b - 0*b - 2*y. Suppose -b*g = -3*g - 55. What is the remainder when g is divided by 6?
5
Suppose 3 = -z + 39. What is the remainder when z is divided by 10?
6
Let j(u) = 9*u**2 - 2*u + 1. Suppose -y + 65 = 5*m, -4*y - 5 = -3*y. Calculate the remainder when m is divided by j(1).
6
Let c = -71 - -104. What is the remainder when c is divided by 22?
11
Suppose 0 = -4*p - 21 + 85. Calculate the remainder when ((-3)/2 + 1)*-92 is divided by p.
14
Let i = -1 + 11. Calculate the remainder when 3*4/(-54) + 335/9 is divided by i.
7
Let x = 271 - 116. Suppose 0 = -p - v - 107, -v = -4*p - 2*v - 422. Let h = x + p. What is the remainder when h is divided by 17?
16
Let b = -18 + 12. Let c = -2 - b. Let s = c - 2. Calculate the remainder when 4 is divided by s.
0
What is the remainder when 85 is divided by (-30 - (-5 - -4))/(-1)?
27
Let p(k) = k**2 - 4*k + 3. What is the remainder when p(7) is divided by (2/(-4))/(2/(-52))?
11
Let d = -136 - -169. Suppose 4*f - 62 = 6. What is the remainder when d is divided by f?
16
Suppose 0 = 3*g - 7*g + 80. What is the remainder when 58 is divided by (-3)/(-2 - (-37)/g)?
18
Let f = 195 - 102. Suppose -3*v - u = -99, 3*v - f = -5*u + 2*u. Let c(w) = w**2 + 2*w + 4. Calculate the remainder when v is divided by c(-4).
10
What is the remainder when 27 is divided by ((-102)/9)/((-8)/12)?
10
Calculate the remainder when (-11)/((-2)/8 + 0) is divided by 9.
8
Let t(p) = -p**3 + 8*p**2 - 6*p + 7. Let v = -10 + 19. Suppose -4*n + v*n = 200. Calculate the remainder when n is divided by t(7).
12
Suppose -3*y = 1 - 16. What is the remainder when 29 is divided by y?
4
Let w(n) = 4*n**2 + 7*n + 5. Calculate the remainder when 11 is divided by w(-2).
4
Let r = -12 - -20. Let v(t) = -t**3 - 6*t**2 - 2*t - 9. What is the remainder when r is divided by v(-6)?
2
Let o(z) = z - 2. Let m be o(7). Let y = 2 + m. Calculate the remainder when (2 - 1) + 1*12 is divided by y.
6
Suppose -4 = 7*n - 3*n + 5*r, 0 = -n - r. Suppose -c + 28 = n*b, -9 = b - 5*c + 5. What is the remainder when b is divided by (9 + -3)/(2 - 0)?
0
Suppose -u + 2*z + 12 = 0, -6 = -0*z - 3*z. What is the remainder when u is divided by 9?
7
Calculate the remainder when 4 + -7 + 5 + 9 is divided by 3.
2
Let u(z) = -17*z - 14. Calculate the remainder when u(-4) is divided by 30.
24
Suppose 5*r - 3*k - 30 = 0, -k = 3*r - 4*k - 24. Suppose -r*d = 2*l + 22, 4*l - 2*l - 4*d = -36. Let b = 22 + l. Calculate the remainder when b is divided by 3.
2
Suppose -x - 10 = i - 3, -2*x - 6 = 0. Let s = 48 - 47. Let b = s - i. Calculate the remainder when 8 is divided by b.
3
Suppose -4*y + 15 = -y. Suppose -y*x - 27 + 142 = 0. Suppose -5*s + x = -42. Calculate the remainder when 37 is divided by s.
11
Let b be (-12 + 2)*4/(-10). What is the remainder when 22 is divided by 4*((-2)/b - -2)?
4
Calculate the remainder when 113 is divided by (-4 - -2)*((-84)/8 + -1).
21
Let l = 13 + -11. Suppose -l*b + 11 = -41. Calculate the remainder when b is divided by 14.
12
Let q(a) = 3*a - 1. Let y be q(1). Suppose -y*t = -4*i + 6, 4*t + 6 = -4*i + 30. Let b = -7 - -15. Calculate the remainder when b is divided by t.
2
Suppose -5*h = 2*j + 73, 0 = -h + 6*j - j - 20. Let f = h + 31. Calculate the remainder when f is divided by (-94)/(-10) + 2/(-5).
7
Suppose -k - 2 - 1 = 0. Let g(x) = -x**3 - 3*x**2 + 2*x + 4. Let i be g(k). What is the remainder when 41 is divided by i + (41 + -2)/3?
8
Suppose -2*y - 42 = y. Let f = 28 + y. Let r = 20 + 21. Calculate the remainder when r is divided by f.
13
Let q(y) = 4*y. Let h(s) = 37*s. Let b(r) = 4*h(r) - 36*q(r). What is the remainder when 9 is divided by b(1)?
1
Suppose 4*d =